{"id":16,"date":"2014-03-26T22:15:08","date_gmt":"2014-03-26T22:15:08","guid":{"rendered":"http:\/\/its-conf.org\/2014\/?page_id=16"},"modified":"2024-01-26T18:31:26","modified_gmt":"2024-01-26T18:31:26","slug":"committees","status":"publish","type":"page","link":"https:\/\/www.is-conf.org\/oldconferences\/2024\/committees\/","title":{"rendered":"Committees"},"content":{"rendered":"<p style=\"color: #2d2d2d; text-align: justify;\"><strong>Conference Chair<\/strong><\/p>\n<p style=\"color: #2d2d2d; text-align: justify;\">Professor Philip Powell, University of London, UK<\/p>\n<p>&nbsp;<\/p>\n<p style=\"color: #2d2d2d; text-align: justify;\"><strong>Program Co-Chairs<\/strong><\/p>\n<p style=\"color: #2d2d2d; text-align: justify;\">Miguel Baptista Nunes, Xi&#8217;an Jiaotong-Liverpool University, China<\/p>\n<p style=\"color: #2d2d2d; text-align: justify;\">Pedro Isa\u00edas, Information Systems &amp; Technology Management School, The University of New South Wales, Australia<\/p>\n<p>&nbsp;<\/p>\n<p style=\"color: #2d2d2d; text-align: justify;\"><strong>Committee Members<\/strong><\/p>\n<p>Ali-reza Montazemi, Mcmaster University, Canada<br \/>\nAmelia Badica, University Of Craiova, Romania<br \/>\nBetim Cico, Epoka University, Tirana, Albania<br \/>\nBinshan Lin, Louisiana State University Shreveport (lsus), USA<br \/>\nBrian Thoms, California State University, USA<br \/>\nCarlos Medina, Technological University Of Panama, Panama<br \/>\nChristos Kalloniatis, University Of The Aegean, Greece<br \/>\nDavid G. Rosado, University Of Castilla-la Mancha, Spain<br \/>\nDemetrios Sarantis, United Nations University, Portugal<br \/>\nDimitar Trajanov, Ss Cyril And Methodius University, Macedonia<br \/>\nDimitrios Buhalis, Bournemouth University, United Kingdom<br \/>\nDimitris Kardaras, Athens University Of Economics And Business, Greece<br \/>\nEddie Soulier, Universit\u00e9 De Technologie De Troyes, France<br \/>\nEfthimios Tambouris, University Of Macedonia, Greece<br \/>\nFernando Arias, Technological University Of Panama, Panama<br \/>\nGabriele De vito, University Of Salerno, Italy<br \/>\nGiacomo Vella, Politecnico Di Milano School Of Management, Italy<br \/>\nHans-Peter Steinbacher, University Of Applied Sciences, Austria<br \/>\nHisham Al-mubaid, University Of Houston, USA<br \/>\nHussein Al-yaseen, Al-Ahliyya Amman University, Jordan<br \/>\nIna Kayser, Ist-hochschule, University Of Applied Sciences, Germany<br \/>\nIyad Zoukar, Higher Institute of Applied Sciences and Technolog, Syria<br \/>\nJames Thong, HKUST Business School, Hong Kong<br \/>\nJeffrey Parsons, Memorial University Of Newfoundland, Canada<br \/>\nKamel Rouibah, Kuwait University, Kuwait<br \/>\nKarsten Boehm, University of Applied Sciences, Austria<br \/>\nKevin Grant, University of Stirling, United Kingdom<br \/>\nKhalid EL KHADIRI, Chouaib Doukkali University, Morocco<br \/>\nLeandro Antonelli, Lifia, Universidad Nacional De La Plata, Argentina<br \/>\nLorna Uden, Staffordshire University, United Kingdom<br \/>\nLuis Mendoza Pitt\u00ed, Universidad Tecnol\u00f3gica de Panam\u00e1, Panama<br \/>\nLuis Enrique S\u00e1nchez Crespo, University of Castilla-la Mancha, Spain<br \/>\nMajid Alsubaie, University Of Canberra, Saudi Arabia<br \/>\nMarianna Sigala, University Of The Aegean, Greece<br \/>\nMaryam Radgui, National Institute Of Statistics And Applied Econo, Morocco<br \/>\nMirjana Pejic-bach, University Of Zagreb, Croatia<br \/>\nNataliia Kotenko, Department Of Software Engineering And Cybersecurity, Ukraine<br \/>\nPaulo Batista, University Of \u00c9vora, Portugal<br \/>\nPaulus Insap Santosa, Gadjah Mada University, Indonesia<br \/>\nPierre Dal Zotto, Grenoble Ecole De Management, France<br \/>\nPriyanka Pandey, King&#8217;s College London, United Kingdom<br \/>\nRaija Halonen, University Of Oulu, Finland<br \/>\nReza Barkhi, Virginia Tech, USA<br \/>\nRiana Steyn, University Of Pretoria, South Africa<br \/>\nRichard Adeyemi Ikuesan, Zayed University, United Arab Emirates<br \/>\nRob Kusters, Opewn Universtteit Nederland, Netherlands<br \/>\nSamiaji Sarosa, Atma Jaya Yogyakarta University, Indonesia<br \/>\nSebastian Lins, Karlsruhe Institute Of Technology, Germany<br \/>\nSeppo Sirkemaa, University of Turku, Finland<br \/>\nSokratis Katsikas, Norwegian University of Science and Technology, Norway<br \/>\nSonja Ristic, University Of Novi Sad, Serbia<br \/>\nStefan Morcov, KU Leuven, Belgium<br \/>\nSylvia Melzer, Universit\u00e4t Hamburg, Denmark<br \/>\nTarek Hamrouni, LIPAH, Faculty of Sciences of Tunis, Tunisia<br \/>\nTetyana Zhyrova, State University Of Trade And Economics , Ukraine<br \/>\nVanessa Liu, Singapore University of Social Sciences, Singapore<br \/>\nVasileios Vlachos, University of Thessaly , Greece<br \/>\nVinod Kumar, Carleton University, Canada<br \/>\nVladimir Trajkovik, University Ss Cyril And Methodious, Macedonia<br \/>\nXenia Mamakou, Athens University Of Economics And Business, Greece<\/p>\n<p>&nbsp;<\/p>\n","protected":false},"excerpt":{"rendered":"<p>Conference Chair Professor Philip Powell, University of London, UK &nbsp; Program Co-Chairs Miguel Baptista Nunes, Xi&#8217;an Jiaotong-Liverpool University, China Pedro Isa\u00edas, Information Systems &amp; Technology Management School, The University of New South Wales, Australia &nbsp; Committee Members Ali-reza Montazemi, Mcmaster University, Canada Amelia Badica, University Of Craiova, Romania Betim Cico, Epoka University, Tirana, Albania Binshan [&hellip;]<\/p>\n","protected":false},"author":1,"featured_media":0,"parent":0,"menu_order":0,"comment_status":"closed","ping_status":"closed","template":"","meta":[],"_links":{"self":[{"href":"https:\/\/www.is-conf.org\/oldconferences\/2024\/wp-json\/wp\/v2\/pages\/16"}],"collection":[{"href":"https:\/\/www.is-conf.org\/oldconferences\/2024\/wp-json\/wp\/v2\/pages"}],"about":[{"href":"https:\/\/www.is-conf.org\/oldconferences\/2024\/wp-json\/wp\/v2\/types\/page"}],"author":[{"embeddable":true,"href":"https:\/\/www.is-conf.org\/oldconferences\/2024\/wp-json\/wp\/v2\/users\/1"}],"replies":[{"embeddable":true,"href":"https:\/\/www.is-conf.org\/oldconferences\/2024\/wp-json\/wp\/v2\/comments?post=16"}],"version-history":[{"count":118,"href":"https:\/\/www.is-conf.org\/oldconferences\/2024\/wp-json\/wp\/v2\/pages\/16\/revisions"}],"predecessor-version":[{"id":2055,"href":"https:\/\/www.is-conf.org\/oldconferences\/2024\/wp-json\/wp\/v2\/pages\/16\/revisions\/2055"}],"wp:attachment":[{"href":"https:\/\/www.is-conf.org\/oldconferences\/2024\/wp-json\/wp\/v2\/media?parent=16"}],"curies":[{"name":"wp","href":"https:\/\/api.w.org\/{rel}","templated":true}]}}